30) + 6/10. Let w be l/(-27) + 22/(-18). Let j(y) = 3*y**3 + 2*y + 1. What is j(w)?
-4
Let q(v) = 5*v. Let j be 6/(-4)*(-2)/3. Let n = 3 - j. Suppose -9 = -4*f - f + 2*l, -f = n*l + 3. What is q(f)?
5
Suppose 4*n + 7 = -i, 0*i - 3*i + 3*n = -9. Let z(d) be the second derivative of 0*d**3 - d + 0 - 1/2*d**2 + 1/3*d**4. What is z(i)?
3
Suppose -20 = -w - 3*w. Let f(q) = q + 8. Let m be f(4). Let u(t) = 4*t + 4*t + m - 9*t. Calculate u(w).
7
Let x(f) = -91*f + 47*f + 43*f. What is x(8)?
-8
Suppose 0 = -3*w + b + 5, 5*w - 5*b - 8 - 7 = 0. Let u(p) = -12*p**3 + 2*p - 1. Calculate u(w).
-11
Let f(d) = -4*d**2 + d. Let c be f(1). Let t(i) = -7*i - 3. What is t(c)?
18
Let f(l) = -74*l + 43*l + 43*l. Determine f(-1).
-12
Let z(f) = -f**3 - f**2 + f - 1. Let l be ((-4)/(-3))/((-2)/(-9)). Let c = l + -4. Suppose 0 = c*d - d. Determine z(d).
-1
Let r(t) = 3*t - 2. Let q = -9 + 17. Suppose 0*f - 4*f = -q. Let i be (f/4)/((-1)/4). Give r(i).
-8
Let q(f) be the second derivative of f**4/12 + 5*f**2 + f. Let m be 15*(0 - 4/(-10)). Let b(j) = -j**2 + j - 11. Let r(o) = m*b(o) + 7*q(o). Determine r(-5).
-1
Let q(v) = -2*v + v - 4*v**2 + 3*v**2. Let y be q(-2). Let r(z) = -3*z**2 + 2*z**2 + 4*z + 3*z**2 + z**2 + 3. Give r(y).
7
Let m(x) = -x**2 - 10*x - 20. Let u be m(-8). Let a(f) = -f**2 - 2*f + 2. Give a(u).
-6
Let d be (0/2 + -1)*-3. Let x(l) = 4*l**2 + l - 75 + 75 - 2*l**3. Calculate x(d).
-15
Let j(u) = u - 1. Let q(g) = 11*g - 9. Let l(f) = 6*j(f) - q(f). Calculate l(2).
-7
Let w(i) = i**2 + i - 4. Let h be (-1)/2 - (-91)/14. Let c be -1 + -4 - h/(-3). Give w(c).
2
Suppose 0 = 4*b - u + 2*u + 21, 0 = 3*b + 4*u + 19. Let s(l) = l**3 + 7*l**2 + 5*l - 6. Give s(b).
19
Let o = 17 - 13. Let r(p) be the first derivative of 2 + o*p - 5/3*p**3 + 1/4*p**4 + 0*p**2. Give r(5).
4
Let k be (-4)/(-2) - (10 + -7). Let f(a) = 12*a**2 - 3*a. Let z(g) = -60*g**2 + 16*g. Let w(b) = 11*f(b) + 2*z(b). Calculate w(k).
13
Suppose 4*c = -5*g - 3, c = -4*c - 10. Let l(o) = 19*o - 1. What is l(g)?
18
Let k(f) be the third derivative of -f**6/40 - f**5/30 - f**4/24 - f**2. Let u(h) = -2*h + h - 5 + 5 - 2. Let g be u(-1). What is k(g)?
2
Let c(h) be the third derivative of -h**6/120 + h**5/60 - 7*h**3/6 + 6*h**2. Determine c(0).
-7
Let i(y) = y + 8. Let o be ((-2)/10)/((-5)/75). Suppose 2 + 16 = -o*f. Calculate i(f).
2
Let u(i) = i**2 - 6*i - 6. Let h be u(7). Let x(z) = z - 7. Let t(m) = 1. Let j(f) = 6*t(f) + x(f). What is j(h)?
0
Let x(q) be the first derivative of -3*q**2 + q + 1. Let l = -5 + 6. Suppose l - 2 = y. Give x(y).
7
Let n(y) = -5 + 512*y - 514*y + 1. What is n(-5)?
6
Let l(p) = -p + 4. Suppose 3*u - 17 = -5*z, 5*z = 3*u - 10 + 33. Give l(z).
0
Let d(o) = o - 1 + 0*o**2 - 7*o**2 + 6*o**2 - 2*o**3 + 2*o**2. Calculate d(2).
-11
Let r(o) = -2*o + 44. Let k be r(24). Let u(s) = 5*s**2 + 5*s + 2. Let z(p) = -4*p**2 - 5*p - 1. Let f(b) = -3*u(b) - 4*z(b). Give f(k).
-6
Suppose -4*l + 13 = -3*r, 4*r + 8 = -0*r - 4*l. Let s(g) = -5 + 15 + g**2 - 7 - 5 + 3*g. Determine s(r).
-2
Let a(w) = 9*w - 15*w + 7*w - w**3 - 3*w**2 - 3 + 2. Calculate a(-3).
-4
Let i(j) = j**3 - 9*j**2 + 11*j + 2. Let k(q) = 2*q**2 - 15*q - 19. Let a be k(9). What is i(a)?
26
Let z(y) = 12*y + 38. Let o(u) = 4*u + 13. Let l(c) = -17*o(c) + 6*z(c). What is l(-6)?
-17
Let m(h) = -h**3 - h**2 - 4*h - 3. Let c = 15 - 17. Calculate m(c).
9
Let a(z) be the first derivative of z**6/120 + z**5/12 + z**4/12 - z**3 + 3*z**2/2 - 8. Let h(q) be the second derivative of a(q). What is h(-5)?
-16
Let j(h) = 4*h**2 - 11*h + 9. Let w(r) = -7*r**2 + 21*r - 17. Let t = -4 + 7. Let x(l) = t*w(l) + 5*j(l). Give x(6).
6
Let o = 17 + -11. Let j be -3 - 2*3/o. Let s(t) = -t**3 - 3*t**2 + 3*t + 1. Calculate s(j).
5
Let x = -1 + 4. Let h(p) = -x*p**3 + p + 0*p**3 - 1 - 3*p**3 + p**2. Let v be 0/6 - (-2)/(2 + 0). Calculate h(v).
-5
Let h(q) = -q**2 - q - 3. Let u(b) be the third derivative of -b**5/60 - b**4/12 - b**3/2 - b**2. Let a(k) = 3*h(k) - 2*u(k). Give a(0).
-3
Suppose -23*s + 18*s + 15 = -5*p, 0 = -4*p + 2*s - 16. Let v(a) = -a**2 - 6*a - 1. Determine v(p).
4
Let f(r) be the first derivative of r**3/3 + 3*r**2/2 + 2*r - 1. Suppose 0 = -2*p - j + 3*j + 6, -3*p + 2*j = -9. Suppose -a - p = 1. What is f(a)?
6
Suppose 24 = 5*k - 26. Let u be ((-24)/(-20))/(6/(-20)). Let i = u + k. Let r(h) = h**2 - 6*h + 2. Calculate r(i).
2
Let z(a) = a**3. Let r(j) = -2*j**3 - 6*j**2 - 2*j + 3. Let h(b) = r(b) + 3*z(b). Calculate h(6).
-9
Let f be (4/(-16))/((-1)/4). Let v(j) = -1. Let c(o) = -6*o + 3. Let t(i) = c(i) + 4*v(i). Give t(f).
-7
Let j = -50 - -42. Let f(o) = o + 4. Calculate f(j).
-4
Let f(v) = 3*v - 9. Let t(d) = 2*d - 5. Let w(b) = -3*f(b) + 5*t(b). Determine w(-1).
1
Suppose -4 = -l - 1. Let k(w) = -6*w**2 + 5*w + 3. Let h(j) = -7*j**2 + 6*j + 3. Let n(o) = o - 2. Let y be n(-3). Let v(u) = y*h(u) + 6*k(u). Give v(l).
-6
Let y be 12/9 - (-6)/9. Suppose j + 5*h = 30, j = -j + y*h. Let k(f) = -f**3 + 6*f**2 - 7*f + 2. Calculate k(j).
-8
Let q(d) be the first derivative of d**2 - 6*d - 8. What is q(6)?
6
Let l = 0 + 6. Let h(t) = t - 8. What is h(l)?
-2
Let q be 6/(-4)*(-2)/1. Let r = 4 + -2. Let f(k) = 1 + 8*k - k**r - 7*k - 1. Give f(q).
-6
Let t(h) = h**3 - 4*h**2 - 5*h + 1. Let a = 4 + -4. Suppose a = 2*c + c - 6. Suppose -2*g - 3*f = c*g - 14, 0 = 5*g - 3*f - 31. What is t(g)?
1
Let y(r) = -4 + 0*r**2 + 1 - 3*r + r - 2*r**2. Let f(q) = q**2 - 4*q + 1. Let d be f(3). Calculate y(d).
-7
Let n(t) be the third derivative of -t**5/60 - t**4/6 - t**3/6 + 11*t**2. What is n(-5)?
-6
Let y(h) be the first derivative of -3/2*h**2 - 2 - 1/3*h**3 + 2*h. Give y(-4).
-2
Let q be (3/21)/(396/42 - 6). Let v(y) be the third derivative of q*y**4 + 0 + 0*y + y**2 - 1/6*y**3. What is v(-2)?
-3
Let i(s) = -s**3 - 3*s**2 + 2. Let z be i(-2). Let l(w) = 7*w**2 + 6*w + 2. Let k(b) = -20*b**2 - 17*b - 5. Let p(r) = 4*k(r) + 11*l(r). What is p(z)?
-6
Let p(z) = 5*z**2 - z - 2. Let b(t) = -4*t**2 + t + 3. Let g(h) = 3*b(h) + 4*p(h). Let j = -7 + 10. Suppose -2 = -j*a + 1. Give g(a).
8
Let v(h) = -h**2 - 4*h + 7. Let p be v(-5). Suppose 5*t + 6*s = 4*s + 10, 4 = p*t - 5*s. Let y(a) = -5*a - 8 - a**t + 0*a + 5*a. Determine y(0).
-8
Suppose 3*q = 4*z + 28, 3*z - 3*q + 21 = 2*q. Let h(m) = -3*m - 5. Give h(z).
16
Let z(j) be the third derivative of j**6/120 + 7*j**5/60 - j**4/24 - 3*j**3/2 + 8*j**2. Calculate z(-7).
-2
Let o(p) = -3*p. Let y(k) = -k + 1. Let s(b) = o(b) - 2*y(b). Determine s(-2).
0
Suppose 2*s - 7*s + 27 = 2*c, -3 = -s. Let f(y) = -y**2 + 7*y. Determine f(c).
6
Let c(j) = -j - 3. Let k be c(-3). Let v(g) be the third derivative of -1/120*g**6 + g**3 - g**2 + k*g - 1/20*g**5 + 0 + 1/4*g**4. Determine v(-4).
-2
Let r(k) be the second derivative of k**5/20 - k**4/12 - k**3/6 + 2*k**2 - 7*k. What is r(0)?
4
Let r = 65 + -62. Let k(p) = p**2 - p - 1. Calculate k(r).
5
Let l(q) = -q + 8. Suppose -5*g + 5 = 0, g + 44 = a - 6*a. Let n = -1 + -2. Let w be n*3/a*5. What is l(w)?
3
Suppose 0 = -4*p + 5*k - 31, 5*k - 7 = p + 4*k. Let t(l) = l - 1. Let a(y) = y**3 + 5*y**2 - 3*y + 11. Let z(u) = a(u) + 6*t(u). Calculate z(p).
9
Let d(f) = -f**2 - 1 - 2*f + 6*f + 5*f. Calculate d(8).
7
Let l(b) be the second derivative of b**4/4 + b**2/2 + b - 1. Suppose -7*k + 2*k = 0. Suppose k = -2*g + 10, 5*q = g + 4*g - 30. Determine l(q).
4
Let t(i) be the second derivative of -i**3/6 + i**2 + 19*i. Determine t(7).
-5
Let m(w) = -3*w + 2. Let i be m(1). Let q(c) = -3*c**3 - 2*c - 1. Calculate q(i).
4
Suppose -2*l = -14 - 154. Let d be 4*(l/8)/(-7). Let r(a) = -a**2 - 5*a - 3. Give r(d).
-9
Let c = 9 + -5. Suppose -q = q - c. Suppose q*x - 3*p - 2 = 3, 0 = 3*p - 3. Let l(v) = -v**3 + 4*v**2 + 3. What is l(x)?
3
Suppose -m = -q, 0*q + 4*q - m - 3 = 0. Let a = q + 1. Let z(s) = s**3 - 3*s**2 + s + 2. What is z(a)?
0
Let k(j) = -4*j**2 + 3*j**2 - 9*j + 4*j + 4 + 4. What is k(-6)?
2
Let j(g) be the first derivative of 3*g**2/2 + 21. Let r = -10 + 5. Calculate j(r).
-15
Let j(p) = 4*p + 6*p**3 - 3 - 6*p**3 - 5*p**2 + p**3. Calculate j(4).
-3
Let l(d) = -3*d**2 - 4 - 11*d + 5*d - d**2 - d**3 - 2*d**2. What is l(-5)?
1
Let i(m) = m**2 - 4*m - 9. Let g = 56 + -49. Calculate i(g).
12
Let b(x) = x + 1. Let v = -30 - -33. Give b(v).
4
Let u(v) be the first derivative 